{"id":674,"date":"2019-12-11T10:23:49","date_gmt":"2019-12-11T09:23:49","guid":{"rendered":"https:\/\/bornholm.danmarksveteraner.dk\/wordpress\/?page_id=674"},"modified":"2019-12-11T10:23:49","modified_gmt":"2019-12-11T09:23:49","slug":"feltpraesten-ulla-skou","status":"publish","type":"page","link":"https:\/\/bornholm.danmarksveteraner.dk\/wordpress\/?page_id=674","title":{"rendered":"Feltpr\u00e6sten Ulla Skou."},"content":{"rendered":"\n<figure class=\"wp-block-image size-large\"><img loading=\"lazy\" decoding=\"async\" width=\"768\" height=\"1024\" src=\"https:\/\/bornholm.danmarksveteraner.dk\/wordpress\/wp-content\/uploads\/2019\/12\/IMG_3970-768x1024.jpeg\" alt=\"\" class=\"wp-image-671\" srcset=\"https:\/\/bornholm.danmarksveteraner.dk\/wordpress\/wp-content\/uploads\/2019\/12\/IMG_3970-768x1024.jpeg 768w, https:\/\/bornholm.danmarksveteraner.dk\/wordpress\/wp-content\/uploads\/2019\/12\/IMG_3970-225x300.jpeg 225w, https:\/\/bornholm.danmarksveteraner.dk\/wordpress\/wp-content\/uploads\/2019\/12\/IMG_3970-1152x1536.jpeg 1152w, https:\/\/bornholm.danmarksveteraner.dk\/wordpress\/wp-content\/uploads\/2019\/12\/IMG_3970-1536x2048.jpeg 1536w, https:\/\/bornholm.danmarksveteraner.dk\/wordpress\/wp-content\/uploads\/2019\/12\/IMG_3970-scaled.jpeg 1920w\" sizes=\"(max-width: 768px) 100vw, 768px\" \/><figcaption>Feltpr\u00e6st Ulla Skou har f\u00e5et det synlige tegn p\u00e5 er Veteran.<\/figcaption><\/figure>\n\n\n\n<figure class=\"wp-block-image size-large\"><img loading=\"lazy\" decoding=\"async\" width=\"768\" height=\"1024\" src=\"https:\/\/bornholm.danmarksveteraner.dk\/wordpress\/wp-content\/uploads\/2019\/12\/IMG_3960-768x1024.jpeg\" alt=\"\" class=\"wp-image-672\" srcset=\"https:\/\/bornholm.danmarksveteraner.dk\/wordpress\/wp-content\/uploads\/2019\/12\/IMG_3960-768x1024.jpeg 768w, https:\/\/bornholm.danmarksveteraner.dk\/wordpress\/wp-content\/uploads\/2019\/12\/IMG_3960-225x300.jpeg 225w, https:\/\/bornholm.danmarksveteraner.dk\/wordpress\/wp-content\/uploads\/2019\/12\/IMG_3960-1152x1536.jpeg 1152w, https:\/\/bornholm.danmarksveteraner.dk\/wordpress\/wp-content\/uploads\/2019\/12\/IMG_3960-1536x2048.jpeg 1536w, https:\/\/bornholm.danmarksveteraner.dk\/wordpress\/wp-content\/uploads\/2019\/12\/IMG_3960-scaled.jpeg 1920w\" sizes=\"(max-width: 768px) 100vw, 768px\" \/><figcaption>Formand Helge Hansen overr\u00e6kker Feltpr\u00e6sten Veteran Medlemskabet.<\/figcaption><\/figure>\n\n\n\n<figure class=\"wp-block-image size-large\"><img loading=\"lazy\" decoding=\"async\" width=\"992\" height=\"1612\" src=\"https:\/\/bornholm.danmarksveteraner.dk\/wordpress\/wp-content\/uploads\/2019\/12\/IMG_3980-scaled-e1576055784852.jpeg\" alt=\"\" class=\"wp-image-673\"\/><figcaption>Ulla Skou og Vagn Risager. med M\u00f8nten fra Afghanistan.<\/figcaption><\/figure>\n","protected":false},"excerpt":{"rendered":"","protected":false},"author":6,"featured_media":0,"parent":312,"menu_order":0,"comment_status":"closed","ping_status":"closed","template":"","meta":{"footnotes":""},"_links":{"self":[{"href":"https:\/\/bornholm.danmarksveteraner.dk\/wordpress\/index.php?rest_route=\/wp\/v2\/pages\/674"}],"collection":[{"href":"https:\/\/bornholm.danmarksveteraner.dk\/wordpress\/index.php?rest_route=\/wp\/v2\/pages"}],"about":[{"href":"https:\/\/bornholm.danmarksveteraner.dk\/wordpress\/index.php?rest_route=\/wp\/v2\/types\/page"}],"author":[{"embeddable":true,"href":"https:\/\/bornholm.danmarksveteraner.dk\/wordpress\/index.php?rest_route=\/wp\/v2\/users\/6"}],"replies":[{"embeddable":true,"href":"https:\/\/bornholm.danmarksveteraner.dk\/wordpress\/index.php?rest_route=%2Fwp%2Fv2%2Fcomments&post=674"}],"version-history":[{"count":1,"href":"https:\/\/bornholm.danmarksveteraner.dk\/wordpress\/index.php?rest_route=\/wp\/v2\/pages\/674\/revisions"}],"predecessor-version":[{"id":675,"href":"https:\/\/bornholm.danmarksveteraner.dk\/wordpress\/index.php?rest_route=\/wp\/v2\/pages\/674\/revisions\/675"}],"up":[{"embeddable":true,"href":"https:\/\/bornholm.danmarksveteraner.dk\/wordpress\/index.php?rest_route=\/wp\/v2\/pages\/312"}],"wp:attachment":[{"href":"https:\/\/bornholm.danmarksveteraner.dk\/wordpress\/index.php?rest_route=%2Fwp%2Fv2%2Fmedia&parent=674"}],"curies":[{"name":"wp","href":"https:\/\/api.w.org\/{rel}","templated":true}]}}

Feltpræsten Ulla Skou.

<figure class="wp-block-image size-large"><img loading="lazy" decoding="async" width="768" height="1024" src="https://bornholm.danmarksveteraner.dk/wordpress/wp-content/uploads/2019/12/IMG_3970-768x1024.jpeg" alt="" class="wp-image-671" srcset="https://bornholm.danmarksveteraner.dk/wordpress/wp-content/uploads/2019/12/IMG_3970-768x1024.jpeg 768w, https://bornholm.danmarksveteraner.dk/wordpress/wp-content/uploads/2019/12/IMG_3970-225x300.jpeg 225w, https://bornholm.danmarksveteraner.dk/wordpress/wp-content/uploads/2019/12/IMG_3970-1152x1536.jpeg 1152w, https://bornholm.danmarksveteraner.dk/wordpress/wp-content/uploads/2019/12/IMG_3970-1536x2048.jpeg 1536w, https://bornholm.danmarksveteraner.dk/wordpress/wp-content/uploads/2019/12/IMG_3970-scaled.jpeg 1920w" sizes="(max-width: 768px) 100vw, 768px" /><figcaption>Feltpræst Ulla Skou har fået det synlige tegn på er Veteran.</figcaption></figure>



<figure class="wp-block-image size-large"><img loading="lazy" decoding="async" width="768" height="1024" src="https://bornholm.danmarksveteraner.dk/wordpress/wp-content/uploads/2019/12/IMG_3960-768x1024.jpeg" alt="" class="wp-image-672" srcset="https://bornholm.danmarksveteraner.dk/wordpress/wp-content/uploads/2019/12/IMG_3960-768x1024.jpeg 768w, https://bornholm.danmarksveteraner.dk/wordpress/wp-content/uploads/2019/12/IMG_3960-225x300.jpeg 225w, https://bornholm.danmarksveteraner.dk/wordpress/wp-content/uploads/2019/12/IMG_3960-1152x1536.jpeg 1152w, https://bornholm.danmarksveteraner.dk/wordpress/wp-content/uploads/2019/12/IMG_3960-1536x2048.jpeg 1536w, https://bornholm.danmarksveteraner.dk/wordpress/wp-content/uploads/2019/12/IMG_3960-scaled.jpeg 1920w" sizes="(max-width: 768px) 100vw, 768px" /><figcaption>Formand Helge Hansen overrækker Feltpræsten Veteran Medlemskabet.</figcaption></figure>



<figure class="wp-block-image size-large"><img loading="lazy" decoding="async" width="992" height="1612" src="https://bornholm.danmarksveteraner.dk/wordpress/wp-content/uploads/2019/12/IMG_3980-scaled-e1576055784852.jpeg" alt="" class="wp-image-673"/><figcaption>Ulla Skou og Vagn Risager. med Mønten fra Afghanistan.</figcaption></figure>
